*d. Let a(l) = -20*l + 1. What is the remainder when a(-2) is divided by d + 28 - (-2)/(-1)?
20
Suppose 3*d = -d - 2*g + 136, d - 2*g = 34. What is the remainder when 133 is divided by d?
31
Let y = 104 - 39. Let z(b) = b**3 - 5*b**2 - 2*b - 2. What is the remainder when y is divided by z(6)?
21
Let m(h) = -h**2 + 6*h + 7. Calculate the remainder when 2*(3 + (-145)/(-10)) is divided by m(5).
11
Suppose 4*y - 17 = u, -y - 4*y - u = -28. Suppose -y*x + 46 = 16. What is the remainder when 23 is divided by x/4*(-32)/(-6)?
7
Calculate the remainder when 11 is divided by -3 - ((-30)/40)/(2/16).
2
Suppose u + 0*u - 49 = 0. Calculate the remainder when u is divided by 13.
10
Let a(x) = 6 + x**3 - 2*x**3 - 2 + 4*x**2. Let h be a(4). Suppose 3*y - 31 = -2*i + 4*y, -h*i - 2*y + 58 = 0. Calculate the remainder when 43 is divided by i.
13
Suppose u + 3*u - 64 = 0. Let t(j) = j + 6. Let m be t(-5). Calculate the remainder when u is divided by 2/(6/15) + m.
4
Suppose 3 = t, 11 = -n - 0*t + 4*t. Let k(i) = 9*i**3 - 1. Let d = 4 + -1. What is the remainder when k(n) is divided by d?
2
Let j = 18 + 11. Suppose -y = -2*q + 14, 3*q - 2*y + y - 22 = 0. What is the remainder when j is divided by q?
5
Let w = -48 + 29. Let q = w - -11. Let v(k) = -k - 7. What is the remainder when v(q) is divided by 1?
0
Let j = 10 - 5. Suppose z + 1 = j. Suppose 0 = -f - 5, 3*a - z*f - 17 = 4*a. Calculate the remainder when 5 is divided by a.
2
Let n(c) = 72*c. What is the remainder when n(1) is divided by 15?
12
Suppose -h + 2*h - 17 = 0. Calculate the remainder when (4/(-3))/(4/(-138)) is divided by 2/(-2 + h/8).
14
Let z = 0 - -2. Suppose 0 = -5*u - 3 + 28. What is the remainder when u is divided by z?
1
Let y be ((-8)/(-6))/(4/(-18)). Let m(f) be the first derivative of -3*f**2/2 + 8*f + 3. What is the remainder when m(y) is divided by 14?
12
Calculate the remainder when 18 is divided by -1 + (-45)/(-35) - (-66)/14.
3
Let q = 184 - 125. Calculate the remainder when q is divided by 10.
9
Let h(z) = z**2 + 2*z - 11. What is the remainder when h(-9) is divided by 18?
16
Let t(y) = y**2 + 3*y - 7. Let o be t(-5). Let a be 7*(-1 + o - 1). Let f = a + 4. What is the remainder when 32 is divided by f?
10
Suppose m = 5*p + 8, -m - 4*p + 34 = 8. What is the remainder when (-111)/(-3) + -2 + 0 is divided by m?
17
Suppose 11 = u + 2*w, 2*w - w = -u + 14. Suppose u - 1 = 4*i. What is the remainder when ((-1)/2)/(6/(-72)) is divided by i?
2
Let o = -140 - -198. Calculate the remainder when o is divided by 15.
13
Suppose -3*q - 4 = 5. Suppose -2*g - 2*g + 64 = 4*d, -4*g - 2*d + 60 = 0. Calculate the remainder when g is divided by (q/2)/3*-16.
6
Let u(r) = r**3 - 7*r**2 - 5*r - 10. What is the remainder when u(8) is divided by 9?
5
Let y(r) = r**3 - 4*r**2 + 5*r. What is the remainder when 57 is divided by y(4)?
17
Suppose 2*p = 0, -3*i + 0*i = 4*p - 123. What is the remainder when i is divided by 14?
13
Let h(d) = 5*d**3 + 4*d**2 - 6*d + 2. Let k(y) = 9*y**3 + 8*y**2 - 12*y + 3. Let o(a) = -7*h(a) + 4*k(a). Calculate the remainder when 8 is divided by o(-5).
2
Let i(y) = -6*y. Let f = 1 + -3. Calculate the remainder when -90*-1*(-4)/(-8) is divided by i(f).
9
Suppose 40 = 2*w + f, 4*f + 4 + 4 = 0. Calculate the remainder when 60 is divided by w.
18
Let f(o) = 6*o - 8. What is the remainder when 40 is divided by f(5)?
18
Let y be -4 + 83 + (-6)/2. What is the remainder when y/4 + 1 - 1 is divided by 5?
4
Suppose 0 = z + 2*t + 13, 3*z - z = 5*t + 19. Suppose 5*k + 13 = 2*q, 3*k - 12 = -4*q - k. Calculate the remainder when 5 is divided by (-11)/z + q/(-6).
2
Let n(y) = 8*y**2 - 9*y + 52. Calculate the remainder when n(6) is divided by 36.
34
Let o be ((-1)/3)/((-2)/12). What is the remainder when 18 is divided by (5 + -3 + 3)*o?
8
Let z = 20 + -16. Suppose -29 - 19 = -3*r + 2*d, 0 = -d - 3. Calculate the remainder when r is divided by z.
2
Suppose -114 = -3*d - 33. What is the remainder when d is divided by 7?
6
Suppose 3*f - 19 = 5*m + 68, -58 = -2*f - m. Calculate the remainder when 171 is divided by f.
26
Let j be 1*(0 - -2) + 0. Let o(z) be the third derivative of z**5/12 - z**3/6 - z**2. What is the remainder when 55 is divided by o(j)?
17
Let m(v) = 2*v**2 + 4*v - 5. What is the remainder when 39 is divided by m(2)?
6
Let x be 0 + -26*(2 - 3). Calculate the remainder when 48 is divided by -1 + -1 + x + 1.
23
Let k(o) = o + 2. Calculate the remainder when 11 is divided by k(4).
5
Suppose 4*g - 65 = -3*p, -4*p + 4*g = 5*g - 91. Calculate the remainder when 68 is divided by p.
22
Let u = -23 - -13. Calculate the remainder when 35 is divided by (u/15)/(4/(-78)).
9
Suppose 0 = 2*o + 3*f + 10, -o - 2*f - 4 = 3. Suppose -1 - 1 = s. Let h = s - -4. Calculate the remainder when h is divided by o.
0
Let v = -18 + 71. What is the remainder when 211 is divided by v?
52
Let t(z) = z - 3. Let g be t(5). Suppose -g*h = h - 12. Suppose b = f + h*b - 16, 5*b + 118 = 3*f. What is the remainder when f is divided by 11?
9
Let n(r) = 2*r - 5. Suppose x - 2*x - w + 28 = 0, 5*w = 2*x - 28. Calculate the remainder when x is divided by n(7).
6
Let q(u) = u**3 - 8*u**2 + 9*u - 1. Suppose -1 = -4*b + 27. What is the remainder when 51/2 + (-1)/2 is divided by q(b)?
12
Calculate the remainder when 14 is divided by 133/28 - 2/(-8).
4
Let k = -257 + 268. Let c(m) be the second derivative of -m**4/12 - 4*m**3/3 - 4*m**2 - m. Calculate the remainder when k is divided by c(-6).
3
Let s = -111 + 190. What is the remainder when s is divided by 8?
7
Let j(y) = -y**3 + 7*y**2 + 6*y + 8. What is the remainder when j(7) is divided by (-3 + 2)/((-1)/17)?
16
Let i = 5 - -2. Suppose 4 - i = -d. Let r = -1 + d. Calculate the remainder when r is divided by 1.
0
What is the remainder when 65 is divided by (44/16)/(6/72)?
32
Suppose -5*b = -6*b + 2. What is the remainder when 3 is divided by b?
1
Suppose -4*c + 2*h + 44 = 0, h = -3*c + 20 + 18. Let r = 198 + -35. Suppose 3*u + 131 = 4*b, 5*b = 5*u - u + r. What is the remainder when b is divided by c?
11
Let b(p) = -p**3 - 3*p**2 + 2*p + 2. Let k be b(-2). Let c(i) = i**2 - 2*i - 9. Let s be c(k). Let u = 2 + s. Calculate the remainder when u is divided by 14.
13
Let y(f) = -f**3 + 4*f**2 - f + 3. Let o be y(4). What is the remainder when 9 is divided by 3 - ((-2)/o + -2)?
0
Let a(n) = -n**3 - n**2 - 2*n. What is the remainder when a(-2) is divided by -1 + (-6 - -4 - -8)?
3
Suppose -4*o - 11 = -5*o + 3*b, 6 = 2*o - 2*b. What is the remainder when 20 is divided by (-2 - 10/2)*o?
6
Suppose 2*n + 0*n = -4*u + 8, 4*u + 2 = 3*n. Calculate the remainder when 52 is divided by 33/(-18)*n*-3.
8
Suppose 27 = 7*r - 78. Calculate the remainder when 24 is divided by r.
9
Let q(b) = -b**3 - 5*b**2 + 5*b. Suppose -6 = 2*u, 0 = z + u - 2*u - 7. What is the remainder when q(-6) is divided by z?
2
Let h = -9 - -14. Calculate the remainder when 7 is divided by h.
2
Let d be (0 - 2/4)*-74. Let q = d + -22. Suppose 0 = -2*b + 3*b - 44. What is the remainder when b is divided by q?
14
Suppose 5*x - y - 98 = 18, 3*x + 2*y - 67 = 0. Let p(n) = -n + 3. Let j be p(-3). Suppose -j*f + 40 = -f. What is the remainder when x is divided by f?
7
Let z = 1 - 0. What is the remainder when 2 is divided by z?
0
Let b = 5 + 12. Calculate the remainder when b is divided by 33/6 + 2/4.
5
Let y(o) = -o**2 - 9*o + 5. Suppose 3*q - 33 = 2*a, q + 55 = 6*q - 3*a. Calculate the remainder when y(-7) is divided by q.
8
Suppose 0 = 4*n - 3*d - 13, -3 = 2*n - 5*d - 6. What is the remainder when 12 is divided by n?
0
Let r(f) = -f**2 + 6*f - 6. Let u(w) = 4*w**2. Let q be u(1). Let l be r(q). Suppose l*x = -x + 45. Calculate the remainder when x is divided by 8.
7
Suppose 2*k + 2 = 0, 5*k - 2 - 1 = -2*y. Let x = -314 - -316. What is the remainder when y is divided by x?
0
Suppose -19 = -3*i + 5*z - z, 2*i = -3*z + 7. Suppose -6*w + 3*w = -6, -4*v = -i*w - 50. Calculate the remainder when 19 is divided by 144/v - 4/(-10).
9
Let k(n) = -n**3 + 7*n**2 + 2*n - 4. Let g(w) = -3*w - 1. Let s(z) = -2*z - 1. Let h(f) = -4*g(f) + 5*s(f). What is the remainder when k(6) is divided by h(12)?
21
Suppose -10 + 18 = u. What is the remainder when u is divided by 6?
2
Suppose 4*n + 5*d - 112 = 0, n + 3*d - 58 = -23. Suppose 56 = 5*j + 7*y - 3*